site number?
False
Is 24099263 composite?
True
Is 35188157 a composite number?
False
Is 48438881 a composite number?
False
Is 148609 prime?
True
Is 874257 composite?
True
Is 7998607 prime?
False
Is 1028507 composite?
True
Is 11356909 prime?
False
Is 34728293 a prime number?
True
Is 36229829 prime?
True
Is 1156234 a composite number?
True
Is 90913709 a composite number?
True
Is 1456691 a prime number?
True
Is 505898 composite?
True
Is 35340047 composite?
True
Is 3172651 a prime number?
False
Is 48965237 prime?
False
Is 5175377 prime?
False
Is 96206203 prime?
False
Is 72139 composite?
False
Is 922123 a composite number?
False
Is 6093287 composite?
False
Is 7325727 a prime number?
False
Is 443081 prime?
False
Is 56950787 composite?
False
Is 3498421 a composite number?
True
Is 358628771 prime?
True
Is 16030409 prime?
True
Is 1863151 a prime number?
True
Is 4539007 composite?
True
Is 28538239 a composite number?
True
Is 1731721 composite?
False
Is 6560699 composite?
True
Is 79041659 composite?
False
Is 30626719 composite?
False
Is 57311 a composite number?
True
Is 475255153 prime?
False
Is 172381787 composite?
True
Is 62192257 prime?
True
Is 1977329 prime?
True
Is 29458477 composite?
False
Is 5087521 a prime number?
False
Is 1909543 a prime number?
False
Is 1403203 prime?
False
Is 24105547 a prime number?
False
Is 149818687 prime?
True
Is 903077 composite?
True
Is 2411351 composite?
False
Is 20165689 a composite number?
True
Is 5517167 a composite number?
False
Is 12187757 composite?
True
Is 416596891 prime?
False
Is 3652169 prime?
False
Is 1381933 a composite number?
True
Is 4590661 a prime number?
True
Is 3397231 a prime number?
False
Is 6163249 a composite number?
False
Is 3587513 composite?
False
Is 47884349 a composite number?
True
Is 1318591 a prime number?
False
Is 18840217 a prime number?
False
Is 1918181 prime?
True
Is 504969 prime?
False
Is 5553242 prime?
False
Is 178124987 a composite number?
True
Is 31143407 a prime number?
True
Is 30423479 a composite number?
True
Is 6787685 a prime number?
False
Is 42487061 prime?
True
Is 636403 a composite number?
False
Is 39856013 a composite number?
False
Is 287375009 prime?
True
Is 322118851 composite?
True
Is 18247217 prime?
True
Is 6564241 prime?
True
Is 16677737 a prime number?
False
Is 6634457 a composite number?
True
Is 101148239 prime?
False
Is 467279317 prime?
True
Is 16320517 composite?
False
Is 174387 a composite number?
True
Is 60229643 prime?
True
Is 19055311 a prime number?
False
Is 188249731 a composite number?
True
Is 38491363 a composite number?
True
Is 1521089 prime?
True
Is 93341987 a composite number?
False
Is 246748669 a prime number?
False
Is 281432429 prime?
True
Is 159480479 a prime number?
True
Is 9343294 prime?
False
Is 164663 prime?
True
Is 61799861 a composite number?
False
Is 11956489 composite?
False
Is 140909 composite?
False
Is 919018 a composite number?
True
Is 388465169 composite?
False
Is 353019481 a prime number?
False
Is 665094581 composite?
False
Is 112749769 composite?
True
Is 18781493 prime?
True
Is 596707591 prime?
True
Is 81799 prime?
True
Is 4815159 composite?
True
Is 2075407 prime?
False
Is 3573005 prime?
False
Is 9399191 a prime number?
True
Is 773992981 composite?
False
Is 132729029 a prime number?
True
Is 19050826 composite?
True
Is 3910889 a composite number?
True
Is 16670957 a composite number?
False
Is 31512149 prime?
False
Is 23535959 a composite number?
True
Is 55541531 composite?
True
Is 3406903 composite?
True
Is 2775103 a composite number?
False
Is 46286459 a composite number?
True
Is 49801259 composite?
False
Is 39959711 composite?
True
Is 102953599 a prime number?
False
Is 223535909 prime?
False
Is 59215511 a prime number?
True
Is 2489458 prime?
False
Is 134838763 prime?
False
Is 105353471 prime?
False
Is 159934 composite?
True
Is 3611711 a prime number?
True
Is 43091759 a composite number?
True
Is 48065 a composite number?
True
Is 33028663 a composite number?
False
Is 429831097 a composite number?
False
Is 71693351 a prime number?
True
Is 20947453 a prime number?
False
Is 52763771 composite?
True
Is 667309 a prime number?
True
Is 119473489 a prime number?
False
Is 134858 a composite number?
True
Is 3212246 a prime number?
False
Is 894329 composite?
False
Is 230826907 a prime number?
True
Is 4705403 a prime number?
True
Is 104390011 composite?
True
Is 2202821 prime?
False
Is 44733235 composite?
True
Is 270237521 a composite number?
False
Is 1405787 composite?
False
Is 4158779 composite?
False
Is 21963217 composite?
True
Is 18376907 a prime number?
False
Is 92138653 a prime number?
False
Is 6532235 a composite number?
True
Is 357964307 prime?
False
Is 758748145 a prime number?
False
Is 2520929 composite?
False
Is 28666501 a prime number?
True
Is 239108879 prime?
True
Is 100137283 composite?
False
Is 116416921 a composite number?
False
Is 1689677 prime?
False
Is 3570787 composite?
True
Is 26499283 prime?
False
Is 5695951 composite?
True
Is 38275757 a composite number?
True
Is 2008793 composite?
False
Is 11012557 prime?
True
Is 38809139 prime?
True
Is 1140731 a prime number?
False
Is 16566962 a composite number?
True
Is 500090401 a prime number?
True
Is 5107891 prime?
True
Is 552701 prime?
False
Is 1438224353 composite?
False
Is 33930881 prime?
False
Is 614363957 a composite number?
False
Is 49991 prime?
True
Is 575359 prime?
True
Is 5071751 composite?
False
Is 1008362283 a prime number?
False
Is 127878119 a prime number?
True
Is 3442567 prime?
True
Is 78705997 a prime number?
False
Is 9820217 prime?
False
Is 615531737 a prime number?
True
Is 51316645 a composite number?
True
Is 25073 prime?
True
Is 131712043 prime?
False
Is 269655719 a prime number?
True
Is 948589 a composite number?
True
Is 124824209 a prime number?
True
Is 10909897 prime?
True
Is 7072367 a composite number?
True
Is 3408839 composite?
True
Is 52039217 a composite number?
True
Is 233251987 a prime number?
True
Is 94295909 a prime number?
True
Is 23625843 composite?
True
Is 110791553 a composite number?
True
Is 32045239 a composite number?
False
Is 9094049 a composite number?
False
Is 4741547 composite?
False
Is 306667 prime?
False
Is 149856689 composite?
True
Is 10287719 composite?
True
Is 17035099 prime?
False
Is 2949209 composite?
False
Is 11812253 a composite number?
True
Is 574423 a prime number?
True
Is 160925819 a composite number?
False
Is 1579511 a composite number?
False
Is 169151 a prime number?
True
Is 8204683 composite?
True
Is 909209 a prime number?
False
Is 1568927 composite?
False
Is 110083 composite?
False
Is 237651247 a composite number?
False
Is 61052287 composite?
True
Is 5048713 composite?
False
Is 45164027 a prime number?
False
Is 10825291 composite?
True
Is 125830846 a composite number?
True
Is 22048427 a composite number?
True
Is 387937 a prime number?
False
Is 154739566 composite?
True
Is 110707 prime?
False
Is 122790827 a prime number?
False
Is 100655231 a composite number?
False
Is 57288709 a prime number?
True
Is 582109 a prime number?
False
Is 92332007 prime?
False
Is 63210127 composite?
False
Is 6237235 prime?
False
Is 4016299 a prime number?
False
Is 7070129 composite?
True
Is 1483639 composite?
True
Is 6973177 prime?
False
Is 1577879 a composite number?
False
Is 4800955 composite?
True
Is 95429179 a composite number?
True
Is 995273 prime?
True
Is 57577501 a prime number?
True
Is 245351039 a prime number?
True
Is 681071 prime?
False
Is 7962055 a composite number?
True
Is 309599 prime?
True
Is 567412709 a prime number?
True
Is 5188061 composite?
False
Is 6993043 composite?
False
Is 165774377 prime?
True
Is 6492767 a prime number?
False
Is 11086931 prime?
True
Is 26783951 composite?
False
Is 1549451 a prime number?
False
Is 7212718 a prime number?
False
Is 262499726 a prime number?
False
Is 76543927 a composite number?
False
Is 86316809 composite?
True
Is 35984911 composite?
True
Is 4686509 a prime number?
False
Is 28110221 prime?
True
Is 2545941 prime?
False
Is 29072789 composite?
True
Is 426842077 a prime number?
True
Is 110324633 prime?
True
Is 41262203 a composite number?
True
Is 12960631 a prime number?
False
Is 994141 prime?
True
Is 6625571 prime?
True
Is 174581237 composite?
False
Is 182681 prime?
True
Is 2478877 a composite number?
False
